{"id":166,"date":"2021-02-16T21:16:48","date_gmt":"2021-02-16T21:16:48","guid":{"rendered":"https:\/\/ingelabostrom.se\/?page_id=166"},"modified":"2024-08-15T09:17:45","modified_gmt":"2024-08-15T09:17:45","slug":"qi-gong","status":"publish","type":"page","link":"https:\/\/ingelabostrom.se\/?page_id=166","title":{"rendered":"QiGongkurs online!"},"content":{"rendered":"\n<figure class=\"wp-block-image size-large\"><img decoding=\"async\" loading=\"lazy\" width=\"750\" height=\"416\" src=\"https:\/\/ingelabostrom.se\/wp-content\/uploads\/2021\/02\/qigong-pa-stranden-2.jpg\" alt=\"\" class=\"wp-image-173\" srcset=\"https:\/\/ingelabostrom.se\/wp-content\/uploads\/2021\/02\/qigong-pa-stranden-2.jpg 750w, https:\/\/ingelabostrom.se\/wp-content\/uploads\/2021\/02\/qigong-pa-stranden-2-300x166.jpg 300w\" sizes=\"(max-width: 750px) 100vw, 750px\" \/><\/figure>\n\n\n\n<p>Qigong \u00e4r en flera tusen \u00e5r gammal metod som \u00f6kar n\u00e4rvaro och lugnar ett stressat nervsystem. Metoden best\u00e5r av mental koncentration, enkla r\u00f6relser ihop med andning f\u00f6r att f\u00f6rb\u00e4ttra cirkulationen av energi i kroppen. Det stillar v\u00e5rt sinne med alla tankar som g\u00f6r att vi f\u00e5r l\u00e4ttare att lyssna in\u00e5t.<\/p>\n\n\n\n<p>Qigong st\u00e4rker h\u00e4lsan, f\u00f6rb\u00e4ttrar r\u00f6rligheten i kroppen, l\u00f6ser upp obalanser som kan uppst\u00e5 av olika anledningar som d\u00e5lig kost, s\u00f6mnbrist, stress, emotionella besv\u00e4r eller olika trauman.<\/p>\n\n\n\n<p>Vill du prova p\u00e5 qigong?<\/p>\n\n\n\n<p>Klicka p\u00e5 l\u00e4nken nedan f\u00f6r att anm\u00e4la dig till min gratiskurs i 5 elementen qigong. Vill du g\u00e5 hela kursen kommer det information om det efter gratiskursen. Du binder dig inte till n\u00e5gon betalning. <\/p>\n\n\n\n<p><a href=\"https:\/\/ingela.simplero.com\/page\/401759\">Gratiskurs i qigong! Klicka H\u00c4R f\u00f6r att anm\u00e4la dig!<\/a><\/p>\n","protected":false},"excerpt":{"rendered":"<div class=\"entry-summary\">\nQigong \u00e4r en flera tusen \u00e5r gammal metod som \u00f6kar n\u00e4rvaro och lugnar ett stressat nervsystem. Metoden best\u00e5r av mental koncentration, enkla r\u00f6relser ihop med andning f\u00f6r att f\u00f6rb\u00e4ttra cirkulationen av energi i kroppen. Det stillar v\u00e5rt sinne med alla&hellip;\n<\/div>\n<div class=\"link-more\"><a href=\"https:\/\/ingelabostrom.se\/?page_id=166\" class=\"more-link\">Continue reading<span class=\"screen-reader-text\"> &ldquo;QiGongkurs online!&rdquo;<\/span>&hellip;<\/a><\/div>\n","protected":false},"author":1,"featured_media":0,"parent":0,"menu_order":0,"comment_status":"closed","ping_status":"closed","template":"","meta":{"footnotes":""},"_links":{"self":[{"href":"https:\/\/ingelabostrom.se\/index.php?rest_route=\/wp\/v2\/pages\/166"}],"collection":[{"href":"https:\/\/ingelabostrom.se\/index.php?rest_route=\/wp\/v2\/pages"}],"about":[{"href":"https:\/\/ingelabostrom.se\/index.php?rest_route=\/wp\/v2\/types\/page"}],"author":[{"embeddable":true,"href":"https:\/\/ingelabostrom.se\/index.php?rest_route=\/wp\/v2\/users\/1"}],"replies":[{"embeddable":true,"href":"https:\/\/ingelabostrom.se\/index.php?rest_route=%2Fwp%2Fv2%2Fcomments&post=166"}],"version-history":[{"count":6,"href":"https:\/\/ingelabostrom.se\/index.php?rest_route=\/wp\/v2\/pages\/166\/revisions"}],"predecessor-version":[{"id":933,"href":"https:\/\/ingelabostrom.se\/index.php?rest_route=\/wp\/v2\/pages\/166\/revisions\/933"}],"wp:attachment":[{"href":"https:\/\/ingelabostrom.se\/index.php?rest_route=%2Fwp%2Fv2%2Fmedia&parent=166"}],"curies":[{"name":"wp","href":"https:\/\/api.w.org\/{rel}","templated":true}]}}